(4)?
5, 103
Suppose -201*q - 271*q + 5148780 = 11*q. What are the prime factors of q?
2, 5, 13, 41
Let v = -399 + 408. List the prime factors of ((-30)/9)/((-3)/v).
2, 5
Let j = -31340 - -48823. What are the prime factors of j?
17483
Let a = -92 + 95. Suppose -13 = -q - 2*j, -a*j + j - 15 = -3*q. Suppose -q*y + 1542 - 282 = 0. List the prime factors of y.
2, 3, 5
Let j(p) = -p**3 + 6*p**2 + 5*p - 60. Let l be j(6). What are the prime factors of 6 - (-325 + l/6)?
2, 3, 7
Let r(j) = j**3 - 7*j**2 + 11*j - 13. Let l be r(5). List the prime factors of (-5 + (-57)/(-9))*(-1812)/l.
2, 151
Let x = 1899 + -1258. List the prime factors of x/(-2*(-4)/8).
641
Let n = -414 - -418. Let b be (-2)/(-2) + 0 + -9. What are the prime factors of ((-412)/b*n)/(2/1)?
103
Let f be ((-2)/(-13) + 40/78)*-57. Let x = 466 + f. Let t = -235 + x. What are the prime factors of t?
193
Let s = -906 - -908. Suppose -3*q - s*k = -353, -7*k + 2*k = -3*q + 346. What are the prime factors of q?
3, 13
Let w = 55426 + -32358. What are the prime factors of w?
2, 73, 79
Let x = -46577 - -112185. List the prime factors of x.
2, 59, 139
Suppose -4*w = -4*u - 252, -4*u + 56 = 2*w - 58. Let x be (0 + w)*(-3 - -2). Let k = x - -66. What are the prime factors of k?
5
Suppose -3 = -2*y + 3*q + 2*q, -q = -3. Let g be 15/y + -1*(-3)/9. Let c(a) = a**3 + 3*a - 2. What are the prime factors of c(g)?
2, 3
Suppose 5*g - 416792 = -5*r + 4*g, 5*r - 416788 = g. List the prime factors of r.
2, 3, 11, 421
Suppose 2*h = 4*n - 9 - 5, 0 = -5*n - 4*h + 50. Let m(a) = 82*a - 177. What are the prime factors of m(n)?
3, 5, 7
What are the prime factors of (-5 - (-2)/4)*31818/(-9)?
3, 5303
Let j(t) = -t - 3*t**2 + 4*t**2 + 34*t**3 - t + 0*t + 9. What are the prime factors of j(2)?
281
Let w(z) = z**3 - z**2 + 15*z - 9. What are the prime factors of w(5)?
2, 83
Let k be 6/1 + (9 - (9 - 0)). Suppose 57 = k*v - 621. What are the prime factors of v?
113
List the prime factors of ((-564)/(-60) - 10) + (-371812)/(-20).
2, 5, 11, 13
List the prime factors of -12 + (-7)/((-119)/109803).
3, 7, 307
Suppose 2*l = 39334 - 15934. Suppose -21*h + 12*h + l = 0. What are the prime factors of h?
2, 5, 13
Suppose 2*b - a = 4, 5*a - 6 = 4. Suppose -8*r + 198 = b*r. Suppose 3*f + r - 87 = 0. What are the prime factors of f?
23
Let z(j) be the second derivative of -2*j**6/45 + 19*j**5/60 - 17*j**4/6 + 34*j. Let y(w) be the third derivative of z(w). List the prime factors of y(-5).
2, 3, 11
Suppose 5*s + 4510 = -10*z + 15*z, z - 3617 = 4*s. Let n = s - -1616. What are the prime factors of n?
3, 79
Suppose -3*m = m + 5*h - 110, 2*m + 2*h - 54 = 0. Suppose 24 - m = -i. List the prime factors of 594/21 + i/(21/(-6)).
2, 7
Suppose -3*u + 24 = z, -5*u - 5*z = -z - 47. Suppose u*n + 16 = 9*n. What are the prime factors of (n/(-24))/(1/(-282))?
2, 47
Let u = 716 - 267. Let b(v) = 10*v**2 + 17*v + 224. Let a be b(-9). Suppose 10*o - a = u. List the prime factors of o.
7, 19
Let u = 19 + -15. Suppose -12 = -u*n - b + 6*b, -2*n + 6 = -4*b. Suppose z - 3*m = 2*z - 18, 0 = -4*z - n*m + 90. What are the prime factors of z?
2, 3
Suppose 14685 = -19*t + 34*t. Let n = t - 279. List the prime factors of n.
2, 5, 7
Let b(p) = -10*p**2 - 5*p + 17. Let x(r) = -5*r**2 - 3*r + 8. Let o(m) = 2*b(m) - 5*x(m). Let l be o(-5). List the prime factors of 2/4*(-8 + l).
43
Let j = -3009 - -6257. List the prime factors of j.
2, 7, 29
Let w be -1*2*(3 + -5). Suppose w*y = -361 + 3113. What are the prime factors of y?
2, 43
Let x(o) be the first derivative of -o**4/2 - 4*o**3/3 + 25*o**2/2 + 8*o - 63. List the prime factors of x(-6).
2, 73
Let h(r) = 4*r**2 + 100*r - 58. Let j be h(-26). Let f = -5 - -7. What are the prime factors of f*-1*-7*j/4?
7, 23
Suppose -4*f - 5979 - 9677 = 2*v, 5*f + v + 19564 = 0. Let l = -2307 - f. List the prime factors of l.
3, 5, 107
Suppose 0 = 5*o + 25, 10824 = g + 2*o - 2374. What are the prime factors of g?
2, 13, 127
Let c(g) = -g**3 + 4*g**2 + 9*g - 3. Let j be c(-2). Suppose -4*d + 504 = 2*m, d - 484 = -3*d + j*m. What are the prime factors of d?
2, 31
Let z = 14376 + -8272. List the prime factors of z.
2, 7, 109
Suppose 9*b - 20016 = 56988. List the prime factors of b.
2, 3, 23, 31
Suppose 4*a + t - 23666 = 0, -4*a + 15*t = 13*t - 23672. List the prime factors of a.
61, 97
Suppose 19845 = 11*p - 16328 - 67755. What are the prime factors of p?
2, 1181
Suppose 3280 = 5*n + 3*l, -1544 = -2*n + l - 232. Suppose 7*o = 2469 - n. List the prime factors of o.
7, 37
Let c be (-1577)/(-15) - 2/15. Suppose -a = -v + c, -3*v + 215 + 100 = 5*a. Let r = v + -39. What are the prime factors of r?
2, 3, 11
Let b(j) = 24 - 6*j - 19 + 3*j + 2*j. Let w be b(3). Suppose -10*n = w*n - 396. What are the prime factors of n?
3, 11
Let b = 27448 - -18901. What are the prime factors of b?
46349
Let s be (-315)/6*((-12)/(-9) - 2). Let z = 27 + s. What are the prime factors of z?
2, 31
Let g = 1106 + 176. List the prime factors of g.
2, 641
Let g(m) = 118*m**2 + 73*m + 975. What are the prime factors of g(-12)?
3, 211
Let o(v) = -8*v + 92 - v + 76 - 7*v. List the prime factors of o(-22).
2, 5, 13
Let h be (-1)/((-10)/(-4)) + (-352)/(-55). List the prime factors of 794/h - 56/(-84).
7, 19
Suppose 61*f + 71*f = 46*f + 2357346. List the prime factors of f.
3, 9137
Let w(h) = -h + 17. Let t = 1 - -6. Let m be w(t). Suppose -8*n - 200 = -m*n. List the prime factors of n.
2, 5
Suppose -2*w - 3*p = -0*w + 1045, -3*p = -3*w - 1530. Let x = w - -966. Suppose -s = -2*j + 227, 3*j + j - x = s. List the prime factors of j.
2, 7
Suppose -4*q + 3*q = 1, 4*d = q - 3. Let c(f) = -15*f**3 - 2*f**2 + 1. Let y be c(d). Suppose 1980 = y*h - 2*h. List the prime factors of h.
3, 5, 11
Suppose 3*m - 8*m + 5*w = -2020, 5*w - 422 = -m. Let q = m + 540. List the prime factors of q.
947
Suppose 3*w - 2*c - 2649 = 0, 0 = 17*w - 21*w + 4*c + 3536. List the prime factors of w.
881
Suppose -47649 + 10276 = -7*o. What are the prime factors of o?
19, 281
Let x(u) = -2*u + 6. Let l be x(3). Let r(z) = -3*z**2 + 4*z**2 + l*z + 2 - 3*z + z**2. List the prime factors of r(8).
2, 53
List the prime factors of 21/5*903*5.
3, 7, 43
Suppose 5*q = -5*u + 47964 - 1834, 3*u - q - 27686 = 0. List the prime factors of u.
2, 3, 769
Let t(k) = 269*k - 212. Let i be t(7). Suppose -4*d + i = -1529. List the prime factors of d.
2, 5
Let d = -73946 - -113898. What are the prime factors of d?
2, 11, 227
Let u = -9 - -14. Suppose -2*i - 4*m = -m + 104, -3*i = u*m + 155. Let d = i - -175. List the prime factors of d.
2, 3, 5
List the prime factors of (-136602)/(-36) - (-3)/6.
3, 5, 11, 23
Let r be (-1)/(6 + 100/(-16)). Suppose -r*g = 4*h - 9*h - 231, 236 = 4*g - 4*h. What are the prime factors of g?
2
Let p = 25657 - -14850. List the prime factors of p.
40507
Let c(z) = -z**3 + 9*z**2 + 13*z - 5. Suppose -5*p = -3*w + 4 + 6, -4*p = 3*w - 19. Let y be c(w). Suppose y = 6*u - 62. List the prime factors of u.
37
Let x = -109 + 117. What are the prime factors of 638 + x/40*5?
3, 71
Suppose 0 = -d - g + 85, 2*d + 5*g + 16 = 180. Suppose -b + 284 = -d. List the prime factors of b.
7, 53
What are the prime factors of 2/(588222/147051 - 4)?
16339
Suppose -96*d + 342247 + 42425 = 0. What are the prime factors of d?
4007
Let p(y) = 7*y + 98. Let s be p(-9). What are the prime factors of (225/3)/(5/s)?
3, 5, 7
Suppose 389 = 10*k + 139. What are the prime factors of (-10003)/(-35) + (-4 - (-105)/k)?
2, 11, 13
Let j(b) = 16*b - 164 - 4*b**2 + 75 - 46*b**3 + 138. List the prime factors of j(-3).
17, 71
Let b be ((-16716)/(-147))/((-4)/(-14)). Suppose 0 = -4*y + b + 186. What are the prime factors of y?
2, 73
Suppose 5*i + 15409 - 41906 = -4*j, 5*j + 9*i - 33102 = 0. List the prime factors of j.
3, 11, 67
Let t be 1 + 3 + (17897/11 - 1). Let x = t - 1001. What are the prime factors of x?
17, 37
Let x = 206 - 203. Suppose -x*p + 171 + 972 = 0. List the prime factors of p.
3, 127
Let g = 324 + -139. Suppose -2*d - 2*d = -1188. Let b = d - g. What are the prime factors of b?
2, 7
Let d(k) = -k**3 - 31*k**2 + 30*k - 64. Let g be d(-32). Suppose -19*j + 11*j + 2832 = g. What are the prime factors of j?
2, 3, 59
Suppose -152*m + 29*m + 2683067 = 67595. List the prime factors of m.
2, 3, 443
Suppose 0 = 351*m - 349*m - 2*w - 